late o(b).
4
Let y(d) be the first derivative of d**4/4 + 5*d**3/3 - d**2 - 3*d - 7. What is y(-5)?
7
Let d(p) be the third derivative of p**6/120 - p**5/20 + p**4/12 + p**3/2 + p**2. Let x = 5 + -2. Give d(x).
9
Let o(f) = 2*f + 1. Let t(l) = -3*l**2 + l + 1. Let n be t(2). Let g be -3*(3 - (-33)/n). Give o(g).
5
Let z(y) = y**2 - 6*y + 3. Suppose -5*k - p = -3*k - 17, 4*p = -k + 19. Calculate z(k).
10
Let a = -35 + 35. Let q(z) be the third derivative of -1/6*z**3 + a*z + 0 - 1/12*z**5 + 0*z**4 - z**2. Give q(-1).
-6
Let a(v) = -v**3 + 6*v**2 - 5*v + 10. Let r(i) = 2*i**3 - 12*i**2 + 9*i - 19. Let o(n) = -7*a(n) - 4*r(n). Calculate o(6).
0
Let c(a) be the third derivative of a**6/720 - a**5/10 + a**4/12 + 3*a**2. Let s(v) be the second derivative of c(v). Give s(6).
-6
Let i(t) = -13*t**2 + 2*t - 1. Suppose 29*j - 33*j = -4. Determine i(j).
-12
Let q be -22*(-2 + (-3)/(-2)). Let x(h) = 9*h**3 + 13*h - 5. Let z(j) = -5*j**3 - 7*j + 3. Let v(r) = q*z(r) + 6*x(r). Let w = -2 - -2. Give v(w).
3
Let t(x) = x - 2. Suppose 0 = 2*i - r - 2*r - 4, -5*i = -4*r - 17. Let z be (-1)/1 + (9 - i). Determine t(z).
1
Let g(y) = 6*y**2 - 2*y + 1. Let u(d) = -14*d**2 + d + 1. Let r be u(-1). Suppose 4*h + 0*k - 68 = 2*k, 4*k = -3*h + 62. Let q be 4/r - h/(-14). Determine g(q).
5
Let f(m) = -m**3 - 8*m**2 + 2*m + 11. Let n = 95 + -103. Determine f(n).
-5
Let f(u) be the second derivative of -u**3/6 - 5*u**2/2 + 3*u. Give f(-4).
-1
Let a(p) = -2*p**3 + p**2 + p - 1. Let i(u) = 11*u**3 + u**2 - u. Let m(j) = 5*a(j) + i(j). Suppose 4*d - 24 = -4. Let c = 0 - d. Give m(c).
0
Let f = -2 + 6. Suppose f*y - 12 = -2*v + 2*y, -2*v - 18 = -4*y. Let d(s) = -1 + v + 10*s**2 - 1 + s. Give d(1).
10
Let p be (-2)/6 - 16/6. Let k(b) = b**3 + 2*b**2 + 4. What is k(p)?
-5
Let m(i) = -i + 3. Let u = 14 - 4. Let v(d) = 2*d - 5. Let w(n) = u*m(n) + 6*v(n). Give w(-5).
-10
Let q(z) = z + 1. Let k be -2 - 3/(6/(-4)). Let g = 2 + 3. Suppose k*f - 15 = g*f. Give q(f).
-2
Suppose -4 = -4*m, -3*k + 4*m - 4 = 12. Let a(f) = f**2 + 3*f + 2. Give a(k).
6
Suppose -2*l + 8 = -2*f, 0*f = 2*l - 3*f - 10. Suppose -4*a = -5*v + 7, -2*v = -2*a + l - 4. Let i(t) = -1 - 1 + 4*t**a - 6*t**2 + t**3 + t. Give i(2).
0
Let z(l) = -4*l + 2. Let h(i) = -i**3 + 8*i**2 - 5*i - 11. Let v be h(7). Let d be (v/6)/((-2)/(-8)). Determine z(d).
-6
Let f(n) = n**3 + 6*n**2 + 3*n. Let l be f(-5). Let o(z) = 4*z - 4 + 5*z - l*z. Calculate o(5).
-9
Suppose -3 = -3*r - 9. Let t be r - (-3)/1 - 3. Let c(q) = -q**2 + 3 - 1 - q**3 - q + 0*q. Give c(t).
8
Let l(s) = -s - 5. Let r = 4 - 12. Calculate l(r).
3
Let m(a) = -1 + 4*a - 3*a + 0*a + 7. Determine m(-6).
0
Let z(w) = w - 3. Suppose 0 + 2 = -2*h. Let b be 1/(h/(-9)*-1). Let k(m) = -2*m - 13. Let y be k(b). Give z(y).
2
Let l(k) = 10*k + k**2 + 2 + 6*k**2 + 1. Let y(s) = 6*s**2 + 9*s + 3. Let q(b) = 5*l(b) - 6*y(b). Give q(-3).
0
Let g(l) = -2*l**2 - 3*l - 2. Let m be 4/5*20/(-8). Calculate g(m).
-4
Let w(u) = u. Let s(t) = t**3 - 5*t**2 - 4*t - 8. Let a be s(6). Suppose -5*q - 3*b = 30, -a*q + 4*b + 6 = -2. Let p = q - 0. Determine w(p).
-3
Let t(x) = -x**2 - x + 3. Let r be (-39)/(-12)*1 - 2/8. Calculate t(r).
-9
Let u(m) = 0*m**3 - 47*m - 6*m**2 + m**3 + 5 + 53*m. Calculate u(5).
10
Let s(y) = -y**2 + y - 2. Let c(t) = -t**3 + 7*t**2 - 6*t + 1. Let x be c(6). Let b be 0/x + (-10)/5. What is s(b)?
-8
Let m(z) = -z**2 - 4*z - 1. Let w be 16/6 + 1/3. Suppose w*x = x + 4. Let y be ((-1)/2)/(x/8). Give m(y).
3
Let d(l) = -1. Let k(f) = 2*f - 7. Let s(v) = d(v) + k(v). Determine s(6).
4
Let y(a) = -3 - 2*a + 4 - 2*a**3 + 0 - 4*a**2. Suppose 4*q + 0 = -8. What is y(q)?
5
Let r be 1*4 + (-7 - -8). Suppose -3 = z - r. Let i(b) = -b**2 + 3*b - 3. Calculate i(z).
-1
Let b(t) = 3 + 3 - 2 - 2 + 5*t + t**2. Suppose 0 = 3*s + s, o + s + 4 = 0. Calculate b(o).
-2
Let p(o) = 3*o - 7. Let l be (-6)/15 - 68/(-20). Let q(f) = 2*f**2 - 3*f - 4. Let g be q(l). Give p(g).
8
Let b = 45 - 46. Let u be (-2)/(-8) - (-62)/8. Let j(x) = -11*x - 3. Let o(d) = 4*d + 1. Let v(m) = u*o(m) + 3*j(m). Calculate v(b).
0
Suppose 71*q - 67*q = -8. Let v(i) = i**3 + 4*i**2 - i - 2. Determine v(q).
8
Let b(p) = p**3 + 5*p**2 - p + 7. Let c be b(-5). Suppose -4*v + c = -2*v + 5*i, -3*v = 2*i - 7. Let f(s) = -8*s**2. Give f(v).
-8
Suppose 0 = -q - 2*q + 3. Let x be (-2)/q + (3 - 6). Let n(z) = z + 12. What is n(x)?
7
Let t(n) = -2 + 2 - 2*n. Let w be ((-1)/5)/((-2)/10). Give t(w).
-2
Let n(s) = -s**2 - 3*s. Suppose 0 = 2*w - 4*m + 2*m - 2, -m = 4*w - 4. Let h be w/3 + (-39)/9. Determine n(h).
-4
Let l(k) = -k**2 + 5*k + 4. Let j be (6/15)/((2/(-15))/(-2)). Give l(j).
-2
Let h = -6 + 1. Let y = h - -1. Let m(l) = 3 + l**3 + 3*l**3 - 3*l**3 + 5*l**2 + 6*l. Determine m(y).
-5
Let l(v) = 7*v**3 - 2*v**2 - 2*v - 1. Suppose -4*z = -8*z. Suppose z*t - 4*t - 2*k = -28, t = k + 10. Let r = t - 9. Determine l(r).
-8
Let w(z) = z - z**3 - 5*z + 5*z**2 + 0 + 0*z - 2. What is w(4)?
-2
Let v(l) = -l**2 + 4*l - 6. Let y(o) = 1. Let q(g) = -v(g) - 2*y(g). Let b be (-5 + 0)*20/(-25). Give q(b).
4
Let o(n) = n + 1. Let u be 8/(-60)*6*5. Let r(t) = -5*t - 4. Let x(v) = u*o(v) - r(v). Determine x(-6).
-6
Suppose -4*h - v = -4 - 14, 5*v + 10 = 5*h. Suppose 5*b + h*f + 10 = 0, -b - 7 = -3*f - 24. Let d(m) = -3*m + b*m - 6 - 1. What is d(-5)?
-2
Suppose 3*v = 6*v - 39. Suppose 4*k - 1 = -3*s - 7, 0 = 5*k + s + v. Let g = k + 3. Let a(x) = -x**3 - x - 3. Determine a(g).
-3
Let l be (-4 - -1)/(-9 + 8). Let h(u) = -3*u**3 - u**2 + 2 + 3 - 3*u**l + 5*u**3. Suppose -12 = 5*z + 4*p, 3*z + p - 1 = -4. What is h(z)?
5
Let o be 7 + 3 + (19 + -3)/(-4). Let m(z) = z**3 - 7*z**2 + 5*z - 2. Calculate m(o).
-8
Let r(u) = u**2 + u - 8. Suppose -5*b - 17 = -17. Determine r(b).
-8
Let g be ((-12)/(-9))/((-1)/6). Let l = -6 - g. Suppose 0 = -l*p, d = -3*p - 0 - 3. Let k(h) = -h**3 - 2*h**2 + 2*h + 4. Give k(d).
7
Let o(v) = -v**2 - 6*v + 3. Let z be (-3)/15 + (-58)/10. Give o(z).
3
Let o(c) = -14*c**2 - 5*c + 20*c**2 + c - 7*c**2. Give o(-3).
3
Suppose -5 = 3*k + 10. Let u(o) = o**2 + 7*o + 7. Calculate u(k).
-3
Let l(p) = -4*p**3 - p**2 - 4. Let h(c) = -5*c**3 - c**2 - c - 5. Let s(a) = 3*h(a) - 4*l(a). Suppose k - 4*k - 6 = 0. Let o be (0 - k) + 1 + -1. Give s(o).
7
Let c(v) = 3*v + 2. Let d be c(-2). Let g be (6/d)/(3/(-10)). Let u(y) = 5*y**2 + 0 + 1 + 0 - y**3. Calculate u(g).
1
Suppose -45 = -8*y + 17*y. Let k(x) = x**2 - 4*x - 1. Let q(w) = -3*w**2 + 8*w + 1. Let d(t) = -5*k(t) - 2*q(t). What is d(y)?
8
Let u(t) be the third derivative of t**2 - 1/6*t**4 - 1/60*t**5 + 1/2*t**3 + 0 + 0*t. Suppose -8 = 16*i - 14*i. Calculate u(i).
3
Suppose 15 = 85*z - 90*z. Let q(k) = -k**2 + 4. What is q(z)?
-5
Let j(w) = w - 7. Let k(m) = 5*m - 29. Let a(n) = -9*j(n) + 2*k(n). What is a(-4)?
1
Let g be (42/7)/12 + (-18)/(-4). Let t(o) = 2*o**2 - 8*o + 6. Calculate t(g).
16
Let m = 1 - 4. Let q = 6 + m. Let t(x) = -2*x + 2. Calculate t(q).
-4
Let s(a) = 6*a**2. Let r(x) = x**3 - 4*x**2 + 2*x - 5. Let o be r(4). Suppose o*u + u - 28 = 0. Let m = -8 + u. Determine s(m).
6
Let j(s) = s**2 - 1. Let q = -5 - -10. Suppose -2 = -q*i + 8. What is j(i)?
3
Suppose 3*r - 7 - 13 = n, 0 = 3*n + 4*r - 5. Let z(c) = c**3 + 6*c**2 + 7*c + 1. Give z(n).
-9
Let b = -4 + 7. Suppose v - b = -1. Suppose 7 = g - x, 0 = v*g + 4*x - 0 + 10. Let z(y) = y**3 - 3*y**2 + 2*y - 3. Calculate z(g).
3
Let h(a) = -a**2 - a + 3. Let b be (2/6)/((-3)/(-9)). Suppose -f + 3 = b. Let m be 3*(f + -1 + -2). Determine h(m).
-3
Let k(u) = -34 - 32 + 65 + u + 3*u. Determine k(4).
15
Suppose 3*y + y + 5 = 3*n, 4*n + 4 = 0. Let j(z) = -z**3 - 2*z**2 + 2*z + 3. What is j(y)?
-1
Let w(o) = o**3 + 5*o**2 + 6*o + 6. Let g = 55 + -59. Calculate w(g).
-2
Let q = -81 + 82. Suppose -1 + 5 = 4*j. Let f(k) = -4*k**2 + j + 2*k - 2*k. Give f(q).
-3
Let t(h) = -h**3 - 11*h**2 - 13*h + 10. Let m(i) = -6*i**3 - 56*i**2 - 66*i + 51. Let a(y) = 2*m(y) - 11*t(y). Give a(10).
2
Let y(h) be the second derivative of h**3/6 - 10*h. Determine y(4).
4
Let b(a) = -11*a + 6. Let r(j) = -5*j + 3. Let q(c) = -6*b(c) + 13*r(c). Let x(k) = -k**3 - 4*k**2 + 5*k + 3. Let w be x(-5). Give q(w).
6
Let l(x) = x + 6. Let f be l(-5). Let s(u) = f + 0*u + u - 4*u. Let g = 4 - 3. What is s(g)?
-2
Suppose -5*t = -0*t - 10. Let h be (28/